-42*v**3 + v**2 + 3*v + 1. Let m be 4/(-54)*3*(-27)/(-6). What is f(m)?
41
Let d(n) = 16*n + 42. Let t(a) = -49*a - 126. Let z(g) = 7*d(g) + 2*t(g). Let l(s) = 5*s + 15. Let u(i) = 11*l(i) - 4*z(i). Give u(12).
-15
Let u(i) = -11*i**2 - 8*i**2 + 1566 + 4*i - 1568 + 3*i**3. Give u(6).
-14
Suppose -30 = -k + 4*m, 0 = -2*k + 36*m - 35*m + 46. Let g(f) = -5*f + 105. What is g(k)?
-5
Let n(t) = 3*t**2 + 6*t + 4. Suppose -3287 = 26*h + 12*h - 3211. Calculate n(h).
4
Let n(q) = 940*q**2 - 322*q**2 - 323*q**2 + 5*q - 10 - 294*q**2. Suppose 0*h = 2*h + 16. Give n(h).
14
Let y(f) be the third derivative of f**5/30 - 5*f**4/12 + f**3 - 21*f**2. Let q be 14/56 - (-38)/8. Let u be y(q). Let m(k) = k**2 - 6*k + 9. Determine m(u).
9
Let f(h) = -19*h - 11*h + 29*h + 1. Suppose 6*x - x = -2*i + 19, 0 = 2*i - x - 1. Suppose -i + 62 = -12*o. What is f(o)?
6
Let h(l) = l**3 + 13*l**2 - 2*l. Let u(x) = x**3 - 5*x**2 - 36*x - 24. Let s(m) = 2*h(m) - u(m). Determine s(-30).
-36
Let r(g) = -39*g - 34*g + 71*g + 16. Calculate r(23).
-30
Let l(g) = 6*g - 22. Let m be l(7). Suppose 0*w = w - h, -5*h = -w + m. Let u(a) = 4*a - 11. Let d(b) = 5*b - 11. Let j(c) = -5*d(c) + 6*u(c). Determine j(w).
-6
Let j(z) be the first derivative of -2*z**2 - 50*z + 180. Give j(-15).
10
Let z(v) be the third derivative of v**5/15 + v**4/24 - v**3/6 - 5*v**2. Let r be (5/55)/(5/55). Give z(r).
4
Suppose -30*i + 2*m = -28*i - 30, 6*i - 70 = 2*m. Let z(f) = -f**2 + 10*f - 8. Determine z(i).
-8
Let w(z) be the third derivative of -47*z**4/24 - 15*z**3/2 - z**2 + 16*z - 16. Give w(-1).
2
Let m(t) = 17*t + 1. Let x(z) = 15*z + 2. Let s(k) = 5*m(k) - 6*x(k). Give s(0).
-7
Let r(a) = 73 + 7*a - 8*a - 54 + a - 2*a. Let f be ((-26)/(-6))/(1/3). Determine r(f).
-7
Let s(n) be the first derivative of 7*n + 5/2*n**2 + 97 + 1/3*n**3. Calculate s(-4).
3
Let o(t) be the first derivative of -3*t**2/2 + 73*t - 36. Let r(z) = -z + 24. Let j(k) = 2*o(k) - 7*r(k). Determine j(0).
-22
Let l(q) = 5*q**2 - 2*q - 64. Let i(m) = 2*m**2 + m - 32. Let h(s) = 9*i(s) - 4*l(s). What is h(2)?
-6
Let g(m) = -4*m**2 - 15*m + 43*m + 3*m**2. Let i be g(28). Let j(v) = v**3 + v**2 - v. Give j(i).
0
Let q(s) be the second derivative of s**4/12 - 2*s**3/3 - 7*s**2/2 + 3*s - 214. Let p(w) = w + 12. Let v be p(-5). Determine q(v).
14
Let b(l) = 3*l**3 - 9*l**2 + 2*l**3 - 10 - 2*l**2 - l**3 + 12*l. Let s(x) = -5*x**3 + 12*x**2 - 13*x + 12. Let m(v) = -6*b(v) - 5*s(v). Calculate m(-7).
0
Let p(v) be the third derivative of 3*v**2 - 1/3*v**3 + 0*v - 1/60*v**5 + 0 - 1/6*v**4. What is p(-4)?
-2
Let d be -5*((-3)/(-5))/(20/60). Let r(x) = x**2 + 14*x + 34. Calculate r(d).
-11
Let y(h) = -4*h**2 + h - 32. Let u(w) = -21*w**2 + 24*w - 158. Let n(q) = -2*u(q) + 11*y(q). Calculate n(-17).
15
Let p(i) = 5*i**2 - i - 1790 + 2*i**3 + 1811 + 3*i. Give p(-4).
-35
Let r(i) = i**3 - 6*i**2 + 3*i - 2. Suppose 5*g + 12 = 3*y - 27, 5*g - 5*y + 45 = 0. Let j be 1/(g*(-5)/150). Give r(j).
-12
Let o(q) = 117*q**2 - 4 + 5*q - 237*q**2 + 119*q**2 + 0*q. Let g = -202 - -207. What is o(g)?
-4
Let t be (-5 + 14 + 1)*116/(-145). Let s(d) = -d**3 - 6*d**2 + 13*d - 9. Give s(t).
15
Let h(i) = i**3 + 9*i**2 - 5*i - 130. Let q = -11289 - -11282. Determine h(q).
3
Suppose 4*u + 25 = 1. Let t(i) be the first derivative of -i**3/3 - 9*i**2/2 - 7*i - 17196. Determine t(u).
11
Let u(j) = j**2 - 4*j + 3. Suppose 5*t - 2*i + 136 - 111 = 0, -3*t + 2*i - 19 = 0. Determine u(t).
24
Let g(h) = 19*h**2 - 35*h + 18. Let b(v) = 3*v**2 - 4*v - 1. Let m(k) = 6*b(k) - g(k). Give m(4).
4
Let u(g) be the first derivative of g**3/3 + 3*g**2 - g + 1. Let k be (-1)/((123/328)/((-18)/(-8))). Give u(k).
-1
Let q(u) = -4*u**3 + 12*u**2 + 11*u + 12. Let h(k) = -k**3 + 3*k**2 + 2*k + 3. Let m(y) = 9*h(y) - 2*q(y). Give m(3).
-9
Suppose -5*t + 19 = 4*k, k - 2*t = 3*t - 14. Let h(w) = 7*w + 1. Let l(j) = j. Let v = -29 + 28. Let f(a) = v*h(a) - 6*l(a). Give f(k).
-14
Let m(s) = -4*s - 16. Let y be m(-4). Suppose y = -2*f + 15 + 5. Let w(x) = 537 + x - 272 - 279. Calculate w(f).
-4
Let m(w) = w**2 + 9*w - 5. Let u be m(-10). Let l(x) = 19*x - 94. Let o be l(u). Let r(t) be the third derivative of t**6/60 - t**3/6 - t**2. What is r(o)?
1
Let a(q) = -19*q**3 + 11*q**3 + 34*q**2 - 11*q**2 - 13*q**2 - 2 - 11*q**2. Calculate a(2).
-70
Suppose 24*k - 41 = 7. Let o(r) = 45*r + 2. Let c(y) = -53*y - 1. Let p(s) = 6*c(s) + 7*o(s). What is p(k)?
2
Let f(u) = -8*u**3 + u**2 + 4*u + 3. Let d be f(-1). Suppose d*k + 5*o = 9*k + 1, k + 5*o = 19. Let n(b) = -b**3 + 8*b**2 + 8*b + 7. What is n(k)?
-2
Let w(s) = 214*s**3 - 18*s + 18*s**2 - 6*s**2 - 12 - 215*s**3. Determine w(10).
8
Let y(o) = -o**3 - 21*o**2 + 14*o - 174. Let d be y(-22). Let f(n) = 9*n + 3*n - 5*n - 8*n + 13*n**d. Determine f(-1).
14
Let z = -4 - -8. Suppose 3 + 1 = z*u. Let x(n) be the first derivative of -5*n**2 - 12352. What is x(u)?
-10
Let r(i) = -i**3 + 6*i**2 + 5*i + 7. Suppose -3*m - 14 + 86 = 0. Let k = 50 - 67. Let g = m + k. Determine r(g).
-7
Let h(w) = -w**3 - 10*w**2 + 25*w + 19. Suppose 121*k + 432 = 85*k. What is h(k)?
7
Suppose 7*c = 22 - 8. Suppose -i + 8 = c*x, 3*i = i + 4. Let r(w) = w**3 - 3*w**2 - 3*w - 3. Give r(x).
-12
Suppose -20*y - 4 = -4. Suppose -5*k + 4*w + 11 + 19 = y, -5*k + 30 = -5*w. Let o(f) = -f**3 + 5*f**2 + 10*f - 9. Give o(k).
15
Suppose -l + 19 + 14 = -j, -l = 2*j + 63. Let u = 27 + j. Let k(b) = -7. Let w(i) = -i + 35. Let y(s) = 11*k(s) + 2*w(s). Determine y(u).
3
Suppose -8*x + 43*x + 75 = 20*x. Let j(p) = p**2 + p + 7. Give j(x).
27
Suppose 0*g + 3*g = -4*l + 5, 0 = 3*g + 2*l - 7. Let n(y) = -g + 1218*y**3 - 6*y**2 - 5*y + 5 - 1219*y**3. Give n(-5).
2
Let w(i) = 6*i**2 - 5*i + 26. Let k(b) = -2*b**2 + 2*b - 9. Let y(g) = -17*k(g) - 6*w(g). Let p be 8/6*15/2. Let l be 2/p - (-2 - 21/(-5)). Determine y(l).
-3
Let z(j) = 2*j**2 - 16*j - 133. Let a be z(-5). Let y(d) be the second derivative of -7*d - 1/2*d**2 + 1/3*d**4 + 1/2*d**3 + 0 + 1/20*d**5. What is y(a)?
-1
Suppose -2*x - i = -3*i, 0 = 4*i - 8. Suppose 5*f + 4*u = 22, -5*f - x*u - 5 = -7*u. Let m(j) = -j**3 + 0*j**2 + j + 5 - 3 - 2*j**f. What is m(-3)?
8
Let z(r) be the third derivative of 63*r**2 + 2/3*r**3 + 1/10*r**5 + 7/24*r**4 + 2*r + 0 + 1/120*r**6. Suppose -5*p = 16 + 9. Calculate z(p).
-6
Let t = 47 - 53. Let i(g) be the third derivative of -g**4/3 + 5*g**3/6 - 133*g**2. Determine i(t).
53
Let t(y) be the third derivative of y**6/120 + y**5/60 - y**4/8 + 3*y**3/2 + 1169*y**2 - y + 1. Determine t(-5).
-76
Suppose -2*l - 58 = -5*k, 36 = -3*l - 4*k - 51. Let q(p) = 4*p + 112. Determine q(l).
-4
Let t(a) = 14*a + 12. Let n(q) be the third derivative of 37*q**2 + 4/3*q**3 + 0*q + 3/8*q**4 + 0. Let s(f) = 8*n(f) - 5*t(f). What is s(5)?
14
Let g(b) = 2*b**2 + 6. Let u be g(4). Let s = -35 + u. Suppose 5*n = 10, -h + 7 = s*n + 3. Let z(i) = -2*i**2 - 3*i - 1. Calculate z(h).
-3
Let y(s) = -s**2 - 6*s + 97. Let t be y(7). Let f be 30/9*t/4. Let q(l) = l**3 - 4*l**2 - 3*l - 9. Calculate q(f).
1
Let o(n) = -8*n + 13. Suppose 105*p - 36 = 87*p. Let q be o(p). Let u(g) = g + 7. Calculate u(q).
4
Let z(l) = -l**2 + 2*l + 14. Let x(h) = 2*h**2 - 9*h - 45. Let m(p) = x(p) + 3*z(p). Give m(5).
-43
Let a(f) = -2 + 3*f - 7 - 26 + 27 - 22. What is a(4)?
-18
Let w(l) = 5*l**2 - 4*l + 28. Let k(z) = 2*z**2 + 6*z - 16. Let t be k(-5). Let q(b) = 6*b**2 - 5*b + 29. Let i(p) = t*q(p) - 5*w(p). Determine i(0).
-24
Suppose -2*n = 3*n - 20. Let x = -1 + n. Let i(z) = -149758 + z + 49922 + 49919 + 49916. Calculate i(x).
2
Let x(o) = -o**3 - 9*o**2 - 4*o - 5. Let y = 729 - 738. What is x(y)?
31
Let r(m) = 4*m**2 - 900*m + 19293. Let s be r(201). Let v(q) = -q**2 + 1. Let w(j) = j**3 - j - j**2 + 2 - 3*j - 3. Let t(o) = -2*v(o) + w(o). Give t(s).
-9
Suppose 0 = 4*t + 3*m - 63, -2*t + 4*m - 24 + 72 = 0. Let o be 1/1*(-6 - -33). Let a = t - o. Let z(n) = -n + 2. Determine z(a).
11
Let i(d) = 8 - 3*d**2 - 6*d**2 + 32150004*d**3 - 32150003*d**3. Let n be 4/(1 - 0) + -2. Suppose -n = -x + 7. Give i(x).
8
Let k = 4132 + -4135. Let d(i) = -3*i**2 - i + 10. Determine d(k).
-14
Let r(n) = 2 + 15*n - 35*n - 11*n + 4 - 2. Calculate r(3).
-89
Let d(u) = -18*u**2 - 14*u**2 + 10*u**2 - 17*u**2 + u + 3 + 38*u**2. What is d(0)?
3
Let b(q) = -2*q**2 - 30*q - 24. Let h = -183